 divided by x?
17
Let l = -21 - -148. What is the remainder when l is divided by 44?
39
Let g(l) = 4*l + 27. What is the remainder when g(0) is divided by 11?
5
Suppose -2*y - 2 = -3*y. Suppose -18*m + 21*m - 15 = 0. What is the remainder when m is divided by y?
1
Let v(k) = k**2 - 3. Let h(w) = -w. Let a(n) = -2*h(n) + v(n). Suppose -3*i - 10 = 2*i, 2*t + 2*i - 120 = 0. What is the remainder when t is divided by a(4)?
20
Calculate the remainder when (-1056)/(-28) + 4/14 + 0 is divided by 21.
17
Let u(b) = 7*b**2 + 3. Suppose 0 = -3*a, j = -0*j - 5*a + 17. Calculate the remainder when u(3) is divided by j.
15
Suppose 1 + 3 = -q, 3*q = -5*w + 2618. Calculate the remainder when w/10 + (-9)/15 is divided by 27.
25
Let t(s) = 112*s**2 - 2*s - 1. Let n be t(-1). Suppose 0 = 5*a + 28 - n. Suppose -30 = -9*z + 4*z. What is the remainder when a is divided by z?
5
Suppose -q + 4 = -0. Suppose -5*f + 36 + q = 0. Let l(p) = 3*p**2 + 4*p - 3. Calculate the remainder when l(-4) is divided by f.
5
Suppose -17 = -d + 5. Calculate the remainder when 79 is divided by d.
13
Let n be (0/(1/(-1)))/2. Suppose -5*b + n*b = -680. Calculate the remainder when (b/(-12))/((-4)/6) is divided by 9.
8
Let g = 17 + 23. Calculate the remainder when g is divided by 7.
5
Let f(t) = -t**2 - 10*t - 7. Let x = 18 + -26. Calculate the remainder when 18 - (28/35)/(6/15) is divided by f(x).
7
Let q be 21*2/((-6)/1). Let i = q - -11. Let d = 3 - 1. Calculate the remainder when i is divided by d.
0
What is the remainder when 146 is divided by 75/(-15)*1*-5?
21
Suppose 4*n - 10 = w, 4 = w + w. Suppose -2*y + 5*t = -54, -n*y + 2*t + 3*t + 81 = 0. Calculate the remainder when y is divided by 14.
13
Let u(i) = -i**2 - 22*i + 171. Calculate the remainder when (3 + -2)*(6 - 1) is divided by u(6).
2
Let l = -131 + 244. What is the remainder when l is divided by 29?
26
Let s = -11 + 11. Suppose s*j + j = 18. What is the remainder when 70 is divided by j?
16
Suppose 41 = 5*h - 89. Suppose -3*t + 2*t = 5. Let v(r) = -2*r - 3. What is the remainder when h is divided by v(t)?
5
Suppose 15 = 2*u - 11. Let y = 18 - u. Let k(h) = h**3 + 6*h**2 + 3*h - 2. Calculate the remainder when k(-5) is divided by y.
3
Let z(v) = -1 + 12*v**2 - 3*v + 0 - 4*v**2 - v**3. What is the remainder when z(7) is divided by 14?
13
Suppose 5*w + 4*t = 34, -2*t + t - 44 = -4*w. What is the remainder when w is divided by ((-9)/6*1)/(11/(-22))?
1
Let q = 3 - 0. Suppose -q*t + 36 = -0*t. What is the remainder when 45 is divided by t?
9
Let r = 16 - -3. Suppose 26 + r = -5*q. Let a = q - -23. Calculate the remainder when 26 is divided by a.
12
Let r(q) = 2*q**2 + 13*q - 17. Let l be r(-10). Let b = 88 - l. Calculate the remainder when b is divided by -15*(1 + (-11)/5).
17
Suppose 0 = 3*n + j - 12, 0*j + 3*j - 1 = -2*n. Calculate the remainder when 20 + -1 + 0 + (2 - 3) is divided by n.
3
Suppose -3*j - 52 = -16. Let c = 5 + j. Let t = 49 - c. What is the remainder when t is divided by 19?
18
Suppose -5*w - 146 = 4*j - 669, -5*w = 3*j - 386. Calculate the remainder when j is divided by 28.
25
Let c = 72 - 28. Suppose c*w = 39*w + 35. Calculate the remainder when w is divided by 4.
3
Let s be 2073/9 - (-2)/(-6). Suppose 3*q - 175 = s. Calculate the remainder when q is divided by 34.
33
Let y(x) = -2*x + 4. Let h(s) = -s + 1. Let n(w) = 6*h(w) - 2*y(w). What is the remainder when 18 is divided by n(-6)?
8
Calculate the remainder when 95 is divided by 3*(4/(-3) + 6).
11
Suppose -3*g = 2*s - 2*g - 68, 3*s + g - 101 = 0. Calculate the remainder when s is divided by 9.
6
Suppose -y + r = 3*r + 38, -4*y - r = 131. What is the remainder when 11 is divided by 6/(-4)*y/8?
5
Suppose -42 = -19*t + 17*t. Calculate the remainder when 36 is divided by t.
15
Calculate the remainder when 152 is divided by -4 + 16 - 2*-1.
12
What is the remainder when (1/(-3))/(2/(-24)) is divided by 3?
1
Let h = 77 - -1. What is the remainder when h is divided by 41?
37
Suppose z = 18 + 25. What is the remainder when z is divided by 11?
10
Suppose 2*h - 74 = 2*l, -3*l + 19 - 46 = -h. What is the remainder when h is divided by 9?
6
Let f(z) = 12*z**2 + 4*z + 1. What is the remainder when f(2) is divided by 21?
15
What is the remainder when 51 is divided by (1 - 6)*72/(-40)?
6
Let f(s) be the second derivative of 133*s**4/12 + s**3/3 + s**2 + 7*s. Calculate the remainder when f(-1) is divided by 34.
31
Suppose -3*a + 30 + 6 = 0. What is the remainder when 34 is divided by a?
10
Let h be 1 - -67 - 4/2. Let y = -39 + h. What is the remainder when y is divided by 14?
13
Suppose 0 = d - p - 2, 2*p = -d + 1 - 11. What is the remainder when 43 is divided by 290/26 - d/(-13)?
10
Suppose -3*p = 3*f - 210, p - 115 = -p + 3*f. Suppose 5*q - 4*q = p. Let v(h) = -6*h - 49. What is the remainder when q is divided by v(-11)?
14
Calculate the remainder when (-12 + -159)*1/(-3) is divided by 15.
12
Let q(p) = p**2 + 2*p. Let v be q(-3). Suppose -3 = -v*i + 2*i. Suppose i*x - x = 6. What is the remainder when 4 is divided by x?
1
Let a be 2/(4/14*-1). Suppose -21 = -y - 2*y. Calculate the remainder when 10 is divided by (-30)/a + (-2)/y.
2
Let m(i) be the first derivative of -i**4/4 + 3*i**3 - 2*i**2 + 4. Let s be 7 - 0 - (-1)/1. What is the remainder when m(s) is divided by 17?
15
Suppose 2*j + 2*s = -j + 100, -60 = -2*j - 3*s. What is the remainder when j is divided by 13?
10
Let u = 8 + -1. Suppose -1 + 5 = 4*d. What is the remainder when u is divided by (d + 8)*(-1)/(-3)?
1
Let i(w) = 7*w - 2. Suppose 5*c = c + 8. Let a = 51 - 16. Calculate the remainder when a is divided by i(c).
11
Let g(p) = -p + 1. Let h(x) = 3*x - 2. Let z be h(2). Suppose 0*b - 16 = z*b. What is the remainder when g(b) is divided by 2?
1
Calculate the remainder when 43 is divided by ((-66)/(-15))/((-2)/(-5)).
10
Let j(g) = 5*g - 21. Let m(f) = 15*f - 63. Let a(l) = 7*j(l) - 2*m(l). Suppose -6 = -2*b + 12. What is the remainder when b is divided by a(5)?
1
Suppose n - 48 = 3*n. What is the remainder when 13 is divided by (n/(-21))/((-6)/(-42))?
5
Suppose 0 = 8*p - 3*p - 80. Suppose j = 2*j - 15. Suppose j = i - p. Calculate the remainder when i is divided by 11.
9
Let a = -74 - -103. Calculate the remainder when 84 is divided by a.
26
Suppose 6 = q + 2. Let g(c) = 3*c**2 - q - 3*c + 3*c + 1. What is the remainder when g(3) is divided by 9?
6
Let f = -2 - -5. Let p(i) = i**2 - 2*i + 2. Calculate the remainder when p(f) is divided by 3.
2
Suppose -15*l - 42 = -462. Calculate the remainder when l is divided by 11.
6
Suppose -c - 4*q + 50 = 0, c + 3*q = -c + 120. Calculate the remainder when c is divided by (-4 + 172/(-8))/((-6)/4).
15
Suppose -6 + 25 = 3*z + 5*c, 3*c = 6. Suppose 0 = 3*h + a - 8 - 8, -2*a = z*h - 17. Calculate the remainder when 8 is divided by h.
3
Let c be 26/(-10) - 4/10. What is the remainder when (41/2)/(c/(-6)) is divided by (2/4)/((-2)/(-56))?
13
Suppose -7*h + 29 = -90. What is the remainder when 32 is divided by h?
15
Let m be (0/2)/(7 + -5). Suppose -c + 7 = -m*c. Suppose -f + x + 59 = 2*f, -4 = 2*x. Calculate the remainder when f is divided by c.
5
Let m be 0/((1 - 0)*1). Suppose -q + 26 + 9 = m. What is the remainder when q is divided by 12?
11
Let c(q) = -2*q - 13. Let o be (-3 - 0)/((-3)/(-9)). Calculate the remainder when 13 is divided by c(o).
3
Suppose 0 = -4*c - 6*c + 150. What is the remainder when 27 is divided by c?
12
Suppose 121 = 4*h - 27. Suppose -3*w - 3*z + 19 = -26, -2*w + 34 = 4*z. What is the remainder when h is divided by w?
11
Let h(n) = 24*n**2 - 1. Calculate the remainder when h(1) is divided by 6.
5
Suppose -5*n - 2*z + z = 54, -n - 13 = -2*z. Let c = 19 + n. Calculate the remainder when c is divided by 5.
3
Let o(d) = -1 - 5*d + 3*d + d. Suppose 4*t + 35 = 3. What is the remainder when 11 is divided by o(t)?
4
Suppose 0 = -2*x - 0*x. Suppose p - 3*p + 110 = x. Calculate the remainder when p is divided by 19.
17
Suppose -237 = -5*l + 2*l. Suppose 2*q - d - 43 = 0, 2*d + 12 = -2*d. What is the remainder when l is divided by q?
19
Suppose 2*h + 16 = 64. Suppose h = 2*v + 6. Let m = 23 - 17. What is the remainder when v is divided by m?
3
Let x(p) = 12*p**3 + 2*p - 1. Suppose 0 = -3*u - 2*u + 25. What is the remainder when x(1) is divided by u?
3
Let m 